0*i + v + 79 = 0. List the prime factors of i.
19
Suppose 0*c = -c + 5*h + 41, 4*c + 4*h = 116. List the prime factors of c.
31
Suppose -72 = x - 5*x. Suppose 0 = j + 4*p - 23 - x, 3*j + p - 123 = 0. List the prime factors of j.
41
Suppose 3*b + 27 = i + 7, 4*b = 2*i - 40. What are the prime factors of i?
2, 5
Let j be (-38)/2*(-2)/1. Let r = j + -7. What are the prime factors of r?
31
Suppose 2*m - 10 = 188. Let b = m - 67. What are the prime factors of b?
2
Suppose 2*k - 5*d - 26 = -d, -5*k + d = -47. List the prime factors of k.
3
Suppose -4*w + 4 + 0 = 0. Suppose 0 = -p + 2, p - 5 - w = -s. What are the prime factors of s?
2
Let h(r) = -r**2 - 10*r - 5. Suppose 0 = -c - 2*c + 12. Let b be 12/(2 + (-14)/c). What are the prime factors of h(b)?
11
List the prime factors of 7*-30*4/(-28).
2, 3, 5
Let g = 8 + -3. Suppose 3*m - 34 = g*k, m - 3*k + 22 = -8*k. What are the prime factors of m?
3
Suppose -2*n + n = 0. Suppose n = -2*k - k + 21. What are the prime factors of k?
7
Let y be (1 - -4 - -2)*1. Let l = y - 3. List the prime factors of l.
2
Let q(s) = 9*s**2 - 7*s + 22. What are the prime factors of q(5)?
2, 53
Let a(j) = -j + 15. Let o be a(12). Suppose -y + 2*y + 51 = i, 3*i + o*y - 135 = 0. List the prime factors of i.
2, 3
List the prime factors of (-16)/(-11*25/90 + 3).
2, 3
Suppose 2*i - 63 = 3*c, -i - c = -27 + 8. What are the prime factors of i?
2, 3
Suppose 10*f = 5*f. Let b be -13*(-2 - 0) - f. Suppose 0*o - 37 = -3*p + o, 0 = -2*p + 2*o + b. What are the prime factors of p?
2, 3
Let t(w) = 0*w**2 - 4*w**2 + 5*w**2 + 2 + 1. List the prime factors of t(-5).
2, 7
Let m(f) = 20*f**2 + 3*f + 2. List the prime factors of m(-2).
2, 19
Let o(g) = 2*g**2 - g**2 - 1 - 6*g - 2*g**2. What are the prime factors of o(-4)?
7
Suppose -2*x + 3*v = -5*x + 12, -5*x + 3*v + 12 = 0. Suppose -u - x*u + 28 = 0. List the prime factors of u.
7
Let z(w) = 2*w. Let m be z(2). List the prime factors of m/8*18 - 2.
7
Let s(c) be the first derivative of -2*c - 3*c**2 + 2*c**2 + 0 + 2. What are the prime factors of s(-2)?
2
Let z(u) = -u - 3. Suppose -4*g - 4*a = 28, 4*g + 5 = a - 23. List the prime factors of z(g).
2
Let m = -8 + 8. Suppose -2*y = -m*y - 10. What are the prime factors of y?
5
Suppose 4*o = -91 + 1019. What are the prime factors of o?
2, 29
Let f = 6 + -2. Let q = f - 3. What are the prime factors of q*(2 + -2 + 2)?
2
Let s(z) = 3 - 5 + 0 - z. Let x be s(0). Let u = x - -6. List the prime factors of u.
2
Suppose 5*q = 4*q + 35. What are the prime factors of q?
5, 7
Let f = 7 + 12. Let h = f + -12. What are the prime factors of h?
7
Let w be ((-1 - -1) + -3)*-1. What are the prime factors of 16*1*(w - 2)?
2
Let s be 0 + (-1 - (1 + -1)). Let g = s - -3. Suppose g*f = 3*f - 11. What are the prime factors of f?
11
Let v(y) = -2*y - 3*y + 2 - 1. Let n be v(2). Let l = n - -17. What are the prime factors of l?
2
Let r(y) = y**3 - 6*y**2 - 2*y + 4. Let a be r(6). Let i = -4 - a. Suppose -2*s + i*l = -6, -l + 2*l + 12 = 2*s. List the prime factors of s.
7
Let q be (-2)/12 + 2/12. Let n = 7 - q. List the prime factors of n.
7
Let i be (-2)/5 + 27/5. Suppose i*u = -g + 16, 2*u - 5*u + 14 = 5*g. Suppose -3*r + 6 = -u. List the prime factors of r.
3
Suppose -777 = -7*d + 1281. What are the prime factors of d?
2, 3, 7
Let l = 19 + -13. List the prime factors of l.
2, 3
Let a(y) = -y**3 - 5*y**2 + 11*y + 8. Let l be a(-7). Suppose -3*f - l = -2*b - 6*f, 3*f - 22 = -b. Suppose -4*n = b - 31. List the prime factors of n.
2, 3
Let l be 1*(-2 + 4) - 0. Let a(g) = 6*g - 11 - 5*g**2 + 3*g**2 + 3*g**l. List the prime factors of a(-8).
5
Suppose 3*l - 3 = 3*q, 0 = 5*q + l - 17 - 8. List the prime factors of q.
2
Let h be 0/(-3) + 2 - -11. Suppose 4*g = h - 5. Let f = g - -10. List the prime factors of f.
2, 3
Suppose 2*b - 4*b = -158. List the prime factors of b.
79
List the prime factors of (-226)/(-7) + -5 + 2/(-7).
3
Suppose 3*w - w = 312. List the prime factors of w.
2, 3, 13
Let n be (-10)/(-20) - 538/(-4). Suppose 0*t - n = -3*t + 5*a, -135 = -3*t + 4*a. List the prime factors of t.
3, 5
Suppose -j - 5 = -68. List the prime factors of j.
3, 7
Let z(f) = -f**3 - 9*f**2 - 9*f - 7. Let s be z(-8). Let x be (0 - s)/(1/(-8)). Let r = x + -3. What are the prime factors of r?
5
Let o(s) = -s + 2. Let d be o(-5). Suppose -t + d = a - 4*t, -2*t = 2*a - 38. What are the prime factors of a?
2
Let k(j) be the second derivative of 0 - 7/6*j**3 + 1/20*j**5 + 9/2*j**2 - 2*j + 1/2*j**4. List the prime factors of k(-7).
3
Suppose -4*c + 5 = t - 29, 2*c - 4*t - 26 = 0. Suppose 0 = 2*a - 0*a + 2. List the prime factors of a*c/3 + 12.
3
Let l be 0 + 4 - 0/1. Suppose -8*q = -6*q - 16. Suppose -a = -q - l. What are the prime factors of a?
2, 3
Suppose 0 = -2*o - o. Let g = 4 - o. Suppose -g*l = -8*l + 72. List the prime factors of l.
2, 3
Let m(h) = h**2 + 8*h - 7. Let k be m(-9). Let p be ((-35)/15)/(k/(-6)). Suppose -o = -1 - p. What are the prime factors of o?
2
Let a(b) = -4*b**2 + 3*b + 2. Let x be a(4). Let i = x + 36. List the prime factors of (2 - i) + 1 - -1.
2, 3
Let b = 6 - 3. Suppose 39 + b = 3*k. What are the prime factors of k?
2, 7
Let k(x) = x**3 - 5*x**2 - 4*x - 3. Let w be k(6). Let a = -4 + w. Suppose -a*q - 3*h = 2, -5*q - 5*h - 3 = 7. List the prime factors of q.
2
Suppose 5*o - 4*p - 35 = 0, -4*o + 1 = 2*p - 1. Suppose -145 = -6*q + o*q + 4*s, 0 = -4*s - 4. List the prime factors of q.
47
Suppose 4*z + 43 = -3*u + 116, 2*u + 2*z = 48. Suppose 0 = -s + u - 3. What are the prime factors of s?
2, 5
Suppose -v + 0 - 4 = 0. What are the prime factors of ((-12)/(-9))/(v/(-6))?
2
Let h(r) = -r**2 + 6*r + 5. Let c be h(7). What are the prime factors of ((-18)/15)/(c/10)?
2, 3
Let p be (-3 + 33/9)*3. Let i be (-6)/(p*(-3)/3). Suppose -2*a + 1 = -i. What are the prime factors of a?
2
Let i = -117 + 167. List the prime factors of i.
2, 5
Let y = 112 + -97. What are the prime factors of y?
3, 5
Let q(z) = -z**3 - 5*z**2 - 2*z - 3. Let d be (-69)/15 + 4/(-10). Let m be q(d). Let b = m - 1. What are the prime factors of b?
2, 3
Let b = 1 + 0. Let q(g) = -g**3 + g**2. Let o(h) = 4*h**3 - 9*h**2 + h + 1. Let l(c) = b*o(c) + 3*q(c). What are the prime factors of l(6)?
7
Let z = 3 - -1. What are the prime factors of (-1)/((3 - z)/8)?
2
Suppose 3*a = -5*i - 77, 0 = i - 3*a + 4*a + 17. Let l = -8 - i. List the prime factors of l.
5
Let y = 12 - -12. List the prime factors of y.
2, 3
Let d(l) = 9*l**2 + l + 5. What are the prime factors of d(-3)?
83
Let a(x) = 2*x**2 + 105. What are the prime factors of a(0)?
3, 5, 7
Let m = -97 + 264. List the prime factors of m.
167
Suppose -5*m = 3*o + 663, o - m = 3*m - 204. Let s be o/(-21) + 6/(-21). List the prime factors of -5*1*(-8)/s.
2
Suppose 0 = 3*g - 0*g - 27. What are the prime factors of g?
3
Suppose 2*y = y + 3. Suppose b - y*b + 10 = 0. Suppose -51 = -b*f + 4. What are the prime factors of f?
11
Let w = 0 - -1. List the prime factors of (-1)/(1/(-1)) + w.
2
Let g(k) = -k**3 - 4*k**2 - k + 1. Let a be g(-4). Suppose -a*d - 3 = -2*d, 37 = 3*b + 2*d. Let v = -3 + b. What are the prime factors of v?
2, 5
Suppose 2*y + 4*t + 4 = 0, 2*y - t - 11 = -0*t. Suppose -22 + y = -6*q. What are the prime factors of q?
3
Suppose c - 118 = -2*g - 3*g, -5*c + 474 = -4*g. List the prime factors of c.
2, 7
Suppose -3*s = -8*s + 15. List the prime factors of s.
3
Suppose 12 = 2*a + 2*s, -4*a - 2*s - 3*s + 26 = 0. Suppose a*t - 9 - 3 = 0. Suppose -t*b = b - 60. List the prime factors of b.
3, 5
Suppose -3*j - 5*r + 3*r - 4 = 0, -30 = -5*j + 4*r. Let d be (-2 - 20)/(3/(-6)). Suppose d = 2*a + j*a. What are the prime factors of a?
11
Suppose -h - 2 = g - 3, -3*g = h - 1. Let a(n) = 2*n**2 - 4*n - 3. Let v be a(-2). Let d = h + v. List the prime factors of d.
2, 7
What are the prime factors of (-1)/((-446)/(-112) + -4)?
2, 7
Suppose 2*r + u - 183 = 0, -80 - 415 = -5*r + 5*u. List the prime factors of r.
2, 47
Let q(a) be the first derivative of -a**3/3 + a**2/2 + 21*a - 1. What are the prime factors of q(0)?
3, 7
Suppose -2*w = -1 + 5. Let a be 0 + 4*2 + w. Let q = -1 + a. List the prime factors of q.
5
Let s = 457 - 301. List the prime factors of s.
2, 3, 13
Let i = -2 - -2. Suppose 4*n - n + 3 = i. Let v(t) = -7*t. List the prime factors of v(n).